{"id":702,"date":"2017-05-22T11:37:58","date_gmt":"2017-05-22T10:37:58","guid":{"rendered":"http:\/\/iglesies.cat\/cambra\/administracio-de-comunitats\/"},"modified":"2026-01-16T08:41:04","modified_gmt":"2026-01-16T07:41:04","slug":"administracion-de-comunidades","status":"publish","type":"page","link":"https:\/\/www.cambrapropietatgirona.com\/es\/administracion-de-comunidades\/","title":{"rendered":"Administraci\u00f3n de comunidades"},"content":{"rendered":"<h1>Administraci\u00f3n de comunidades:<\/h1>\n<h1>decida cuanto quiere pagar por su Comunidad<\/h1>\n<h2>En la Cambra de la Propietat Urbana de Girona le ponemos las cosas f\u00e1ciles: decida cuanto quiere pagar por administrar su Comunidad. Le ahorramos dinero y complicaciones<\/h2>\n<h2><\/h2>\n","protected":false},"excerpt":{"rendered":"<p>Administraci\u00f3n de comunidades: decida cuanto quiere pagar por su Comunidad En la Cambra de la Propietat Urbana de Girona le ponemos las cosas f\u00e1ciles: decida cuanto quiere pagar por administrar su Comunidad. Le ahorramos dinero y complicaciones<\/p>\n","protected":false},"author":1,"featured_media":4814,"parent":0,"menu_order":0,"comment_status":"closed","ping_status":"closed","template":"page-comunitats.php","meta":{"_acf_changed":false,"inline_featured_image":false,"disable_featured_image":false,"footnotes":""},"class_list":["post-702","page","type-page","status-publish","has-post-thumbnail","hentry"],"acf":[],"yoast_head":"<!-- This site is optimized with the Yoast SEO plugin v27.5 - https:\/\/yoast.com\/product\/yoast-seo-wordpress\/ -->\n<title>Administraic\u00f3n de comunidades - Cambra de la Propietat Urbana de Girona<\/title>\n<meta name=\"description\" content=\"Con la Cambra de la Propietat Urbana de Girona puedes decidir cu\u00e1nto quieres pagar por la administraci\u00f3n de comunidades\" \/>\n<meta name=\"robots\" content=\"index, follow, max-snippet:-1, max-image-preview:large, max-video-preview:-1\" \/>\n<link rel=\"canonical\" href=\"https:\/\/www.cambrapropietatgirona.com\/es\/administracion-de-comunidades\/\" \/>\n<meta property=\"og:locale\" content=\"es_ES\" \/>\n<meta property=\"og:type\" content=\"article\" \/>\n<meta property=\"og:title\" content=\"Administraic\u00f3n de comunidades - Cambra de la Propietat Urbana de Girona\" \/>\n<meta property=\"og:description\" content=\"Con la Cambra de la Propietat Urbana de Girona puedes decidir cu\u00e1nto quieres pagar por la administraci\u00f3n de comunidades\" \/>\n<meta property=\"og:url\" content=\"https:\/\/www.cambrapropietatgirona.com\/es\/administracion-de-comunidades\/\" \/>\n<meta property=\"og:site_name\" content=\"Cambra de la Propietat Urbana de Girona\" \/>\n<meta property=\"article:modified_time\" content=\"2026-01-16T07:41:04+00:00\" \/>\n<meta property=\"og:image\" content=\"http:\/\/www.cambrapropietatgirona.com\/wp-content\/uploads\/2024\/02\/administracio-de-comunitats.jpg\" \/>\n\t<meta property=\"og:image:width\" content=\"640\" \/>\n\t<meta property=\"og:image:height\" content=\"640\" \/>\n\t<meta property=\"og:image:type\" content=\"image\/jpeg\" \/>\n<meta name=\"twitter:card\" content=\"summary_large_image\" \/>\n<meta name=\"twitter:label1\" content=\"Est. reading time\" \/>\n\t<meta name=\"twitter:data1\" content=\"1 minute\" \/>\n<script type=\"application\/ld+json\" class=\"yoast-schema-graph\">{\"@context\":\"https:\\\/\\\/schema.org\",\"@graph\":[{\"@type\":\"WebPage\",\"@id\":\"https:\\\/\\\/www.cambrapropietatgirona.com\\\/es\\\/administracion-de-comunidades\\\/\",\"url\":\"https:\\\/\\\/www.cambrapropietatgirona.com\\\/es\\\/administracion-de-comunidades\\\/\",\"name\":\"Administraic\u00f3n de comunidades - Cambra de la Propietat Urbana de Girona\",\"isPartOf\":{\"@id\":\"https:\\\/\\\/www.cambrapropietatgirona.com\\\/#website\"},\"primaryImageOfPage\":{\"@id\":\"https:\\\/\\\/www.cambrapropietatgirona.com\\\/es\\\/administracion-de-comunidades\\\/#primaryimage\"},\"image\":{\"@id\":\"https:\\\/\\\/www.cambrapropietatgirona.com\\\/es\\\/administracion-de-comunidades\\\/#primaryimage\"},\"thumbnailUrl\":\"https:\\\/\\\/www.cambrapropietatgirona.com\\\/wp-content\\\/uploads\\\/2024\\\/02\\\/administracio-de-comunitats.jpg\",\"datePublished\":\"2017-05-22T10:37:58+00:00\",\"dateModified\":\"2026-01-16T07:41:04+00:00\",\"description\":\"Con la Cambra de la Propietat Urbana de Girona puedes decidir cu\u00e1nto quieres pagar por la administraci\u00f3n de comunidades\",\"breadcrumb\":{\"@id\":\"https:\\\/\\\/www.cambrapropietatgirona.com\\\/es\\\/administracion-de-comunidades\\\/#breadcrumb\"},\"inLanguage\":\"es-ES\",\"potentialAction\":[{\"@type\":\"ReadAction\",\"target\":[\"https:\\\/\\\/www.cambrapropietatgirona.com\\\/es\\\/administracion-de-comunidades\\\/\"]}]},{\"@type\":\"ImageObject\",\"inLanguage\":\"es-ES\",\"@id\":\"https:\\\/\\\/www.cambrapropietatgirona.com\\\/es\\\/administracion-de-comunidades\\\/#primaryimage\",\"url\":\"https:\\\/\\\/www.cambrapropietatgirona.com\\\/wp-content\\\/uploads\\\/2024\\\/02\\\/administracio-de-comunitats.jpg\",\"contentUrl\":\"https:\\\/\\\/www.cambrapropietatgirona.com\\\/wp-content\\\/uploads\\\/2024\\\/02\\\/administracio-de-comunitats.jpg\",\"width\":640,\"height\":640,\"caption\":\"Administraci\u00f3 de comunitats: gesti\u00f3 d'una comunitat de ve\u00efns\"},{\"@type\":\"BreadcrumbList\",\"@id\":\"https:\\\/\\\/www.cambrapropietatgirona.com\\\/es\\\/administracion-de-comunidades\\\/#breadcrumb\",\"itemListElement\":[{\"@type\":\"ListItem\",\"position\":1,\"name\":\"Inici\",\"item\":\"https:\\\/\\\/www.cambrapropietatgirona.com\\\/\"},{\"@type\":\"ListItem\",\"position\":2,\"name\":\"Administraci\u00f3n de comunidades\"}]},{\"@type\":\"WebSite\",\"@id\":\"https:\\\/\\\/www.cambrapropietatgirona.com\\\/#website\",\"url\":\"https:\\\/\\\/www.cambrapropietatgirona.com\\\/\",\"name\":\"Cambra de la Propietat Urbana de Girona\",\"description\":\"Serveis immobiliaris integrals als propietaris\",\"publisher\":{\"@id\":\"https:\\\/\\\/www.cambrapropietatgirona.com\\\/#organization\"},\"potentialAction\":[{\"@type\":\"SearchAction\",\"target\":{\"@type\":\"EntryPoint\",\"urlTemplate\":\"https:\\\/\\\/www.cambrapropietatgirona.com\\\/?s={search_term_string}\"},\"query-input\":{\"@type\":\"PropertyValueSpecification\",\"valueRequired\":true,\"valueName\":\"search_term_string\"}}],\"inLanguage\":\"es-ES\"},{\"@type\":\"Organization\",\"@id\":\"https:\\\/\\\/www.cambrapropietatgirona.com\\\/#organization\",\"name\":\"Cambra de la Propietat Urbana de Girona\",\"url\":\"https:\\\/\\\/www.cambrapropietatgirona.com\\\/\",\"logo\":{\"@type\":\"ImageObject\",\"inLanguage\":\"es-ES\",\"@id\":\"https:\\\/\\\/www.cambrapropietatgirona.com\\\/#\\\/schema\\\/logo\\\/image\\\/\",\"url\":\"https:\\\/\\\/www.cambrapropietatgirona.com\\\/wp-content\\\/uploads\\\/2018\\\/01\\\/favicon.jpg\",\"contentUrl\":\"https:\\\/\\\/www.cambrapropietatgirona.com\\\/wp-content\\\/uploads\\\/2018\\\/01\\\/favicon.jpg\",\"width\":277,\"height\":269,\"caption\":\"Cambra de la Propietat Urbana de Girona\"},\"image\":{\"@id\":\"https:\\\/\\\/www.cambrapropietatgirona.com\\\/#\\\/schema\\\/logo\\\/image\\\/\"}}]}<\/script>\n<!-- \/ Yoast SEO plugin. -->","yoast_head_json":{"title":"Administraic\u00f3n de comunidades - Cambra de la Propietat Urbana de Girona","description":"Con la Cambra de la Propietat Urbana de Girona puedes decidir cu\u00e1nto quieres pagar por la administraci\u00f3n de comunidades","robots":{"index":"index","follow":"follow","max-snippet":"max-snippet:-1","max-image-preview":"max-image-preview:large","max-video-preview":"max-video-preview:-1"},"canonical":"https:\/\/www.cambrapropietatgirona.com\/es\/administracion-de-comunidades\/","og_locale":"es_ES","og_type":"article","og_title":"Administraic\u00f3n de comunidades - Cambra de la Propietat Urbana de Girona","og_description":"Con la Cambra de la Propietat Urbana de Girona puedes decidir cu\u00e1nto quieres pagar por la administraci\u00f3n de comunidades","og_url":"https:\/\/www.cambrapropietatgirona.com\/es\/administracion-de-comunidades\/","og_site_name":"Cambra de la Propietat Urbana de Girona","article_modified_time":"2026-01-16T07:41:04+00:00","og_image":[{"width":640,"height":640,"url":"http:\/\/www.cambrapropietatgirona.com\/wp-content\/uploads\/2024\/02\/administracio-de-comunitats.jpg","type":"image\/jpeg"}],"twitter_card":"summary_large_image","twitter_misc":{"Est. reading time":"1 minute"},"schema":{"@context":"https:\/\/schema.org","@graph":[{"@type":"WebPage","@id":"https:\/\/www.cambrapropietatgirona.com\/es\/administracion-de-comunidades\/","url":"https:\/\/www.cambrapropietatgirona.com\/es\/administracion-de-comunidades\/","name":"Administraic\u00f3n de comunidades - Cambra de la Propietat Urbana de Girona","isPartOf":{"@id":"https:\/\/www.cambrapropietatgirona.com\/#website"},"primaryImageOfPage":{"@id":"https:\/\/www.cambrapropietatgirona.com\/es\/administracion-de-comunidades\/#primaryimage"},"image":{"@id":"https:\/\/www.cambrapropietatgirona.com\/es\/administracion-de-comunidades\/#primaryimage"},"thumbnailUrl":"https:\/\/www.cambrapropietatgirona.com\/wp-content\/uploads\/2024\/02\/administracio-de-comunitats.jpg","datePublished":"2017-05-22T10:37:58+00:00","dateModified":"2026-01-16T07:41:04+00:00","description":"Con la Cambra de la Propietat Urbana de Girona puedes decidir cu\u00e1nto quieres pagar por la administraci\u00f3n de comunidades","breadcrumb":{"@id":"https:\/\/www.cambrapropietatgirona.com\/es\/administracion-de-comunidades\/#breadcrumb"},"inLanguage":"es-ES","potentialAction":[{"@type":"ReadAction","target":["https:\/\/www.cambrapropietatgirona.com\/es\/administracion-de-comunidades\/"]}]},{"@type":"ImageObject","inLanguage":"es-ES","@id":"https:\/\/www.cambrapropietatgirona.com\/es\/administracion-de-comunidades\/#primaryimage","url":"https:\/\/www.cambrapropietatgirona.com\/wp-content\/uploads\/2024\/02\/administracio-de-comunitats.jpg","contentUrl":"https:\/\/www.cambrapropietatgirona.com\/wp-content\/uploads\/2024\/02\/administracio-de-comunitats.jpg","width":640,"height":640,"caption":"Administraci\u00f3 de comunitats: gesti\u00f3 d'una comunitat de ve\u00efns"},{"@type":"BreadcrumbList","@id":"https:\/\/www.cambrapropietatgirona.com\/es\/administracion-de-comunidades\/#breadcrumb","itemListElement":[{"@type":"ListItem","position":1,"name":"Inici","item":"https:\/\/www.cambrapropietatgirona.com\/"},{"@type":"ListItem","position":2,"name":"Administraci\u00f3n de comunidades"}]},{"@type":"WebSite","@id":"https:\/\/www.cambrapropietatgirona.com\/#website","url":"https:\/\/www.cambrapropietatgirona.com\/","name":"Cambra de la Propietat Urbana de Girona","description":"Serveis immobiliaris integrals als propietaris","publisher":{"@id":"https:\/\/www.cambrapropietatgirona.com\/#organization"},"potentialAction":[{"@type":"SearchAction","target":{"@type":"EntryPoint","urlTemplate":"https:\/\/www.cambrapropietatgirona.com\/?s={search_term_string}"},"query-input":{"@type":"PropertyValueSpecification","valueRequired":true,"valueName":"search_term_string"}}],"inLanguage":"es-ES"},{"@type":"Organization","@id":"https:\/\/www.cambrapropietatgirona.com\/#organization","name":"Cambra de la Propietat Urbana de Girona","url":"https:\/\/www.cambrapropietatgirona.com\/","logo":{"@type":"ImageObject","inLanguage":"es-ES","@id":"https:\/\/www.cambrapropietatgirona.com\/#\/schema\/logo\/image\/","url":"https:\/\/www.cambrapropietatgirona.com\/wp-content\/uploads\/2018\/01\/favicon.jpg","contentUrl":"https:\/\/www.cambrapropietatgirona.com\/wp-content\/uploads\/2018\/01\/favicon.jpg","width":277,"height":269,"caption":"Cambra de la Propietat Urbana de Girona"},"image":{"@id":"https:\/\/www.cambrapropietatgirona.com\/#\/schema\/logo\/image\/"}}]}},"_links":{"self":[{"href":"https:\/\/www.cambrapropietatgirona.com\/es\/wp-json\/wp\/v2\/pages\/702","targetHints":{"allow":["GET"]}}],"collection":[{"href":"https:\/\/www.cambrapropietatgirona.com\/es\/wp-json\/wp\/v2\/pages"}],"about":[{"href":"https:\/\/www.cambrapropietatgirona.com\/es\/wp-json\/wp\/v2\/types\/page"}],"author":[{"embeddable":true,"href":"https:\/\/www.cambrapropietatgirona.com\/es\/wp-json\/wp\/v2\/users\/1"}],"replies":[{"embeddable":true,"href":"https:\/\/www.cambrapropietatgirona.com\/es\/wp-json\/wp\/v2\/comments?post=702"}],"version-history":[{"count":9,"href":"https:\/\/www.cambrapropietatgirona.com\/es\/wp-json\/wp\/v2\/pages\/702\/revisions"}],"predecessor-version":[{"id":6168,"href":"https:\/\/www.cambrapropietatgirona.com\/es\/wp-json\/wp\/v2\/pages\/702\/revisions\/6168"}],"wp:featuredmedia":[{"embeddable":true,"href":"https:\/\/www.cambrapropietatgirona.com\/es\/wp-json\/wp\/v2\/media\/4814"}],"wp:attachment":[{"href":"https:\/\/www.cambrapropietatgirona.com\/es\/wp-json\/wp\/v2\/media?parent=702"}],"curies":[{"name":"wp","href":"https:\/\/api.w.org\/{rel}","templated":true}]}}

Administración de comunidades

<h1>Administración de comunidades:</h1>
<h1>decida cuanto quiere pagar por su Comunidad</h1>
<h2>En la Cambra de la Propietat Urbana de Girona le ponemos las cosas fáciles: decida cuanto quiere pagar por administrar su Comunidad. Le ahorramos dinero y complicaciones</h2>
<h2></h2>

<p>Administración de comunidades: decida cuanto quiere pagar por su Comunidad En la Cambra de la Propietat Urbana de Girona le ponemos las cosas fáciles: decida cuanto quiere pagar por administrar su Comunidad. Le ahorramos dinero y complicaciones</p>

<!-- This site is optimized with the Yoast SEO plugin v27.5 - https://yoast.com/product/yoast-seo-wordpress/ -->
<title>Administraicón de comunidades - Cambra de la Propietat Urbana de Girona</title>
<meta name="description" content="Con la Cambra de la Propietat Urbana de Girona puedes decidir cuánto quieres pagar por la administración de comunidades" />
<meta name="robots" content="index, follow, max-snippet:-1, max-image-preview:large, max-video-preview:-1" />
<link rel="canonical" href="https://www.cambrapropietatgirona.com/es/administracion-de-comunidades/" />
<meta property="og:locale" content="es_ES" />
<meta property="og:type" content="article" />
<meta property="og:title" content="Administraicón de comunidades - Cambra de la Propietat Urbana de Girona" />
<meta property="og:description" content="Con la Cambra de la Propietat Urbana de Girona puedes decidir cuánto quieres pagar por la administración de comunidades" />
<meta property="og:url" content="https://www.cambrapropietatgirona.com/es/administracion-de-comunidades/" />
<meta property="og:site_name" content="Cambra de la Propietat Urbana de Girona" />
<meta property="article:modified_time" content="2026-01-16T07:41:04+00:00" />
<meta property="og:image" content="http://www.cambrapropietatgirona.com/wp-content/uploads/2024/02/administracio-de-comunitats.jpg" />
	<meta property="og:image:width" content="640" />
	<meta property="og:image:height" content="640" />
	<meta property="og:image:type" content="image/jpeg" />
<meta name="twitter:card" content="summary_large_image" />
<meta name="twitter:label1" content="Est. reading time" />
	<meta name="twitter:data1" content="1 minute" />
<script type="application/ld+json" class="yoast-schema-graph">{"@context":"https:\/\/schema.org","@graph":[{"@type":"WebPage","@id":"https:\/\/www.cambrapropietatgirona.com\/es\/administracion-de-comunidades\/","url":"https:\/\/www.cambrapropietatgirona.com\/es\/administracion-de-comunidades\/","name":"Administraicón de comunidades - Cambra de la Propietat Urbana de Girona","isPartOf":{"@id":"https:\/\/www.cambrapropietatgirona.com\/#website"},"primaryImageOfPage":{"@id":"https:\/\/www.cambrapropietatgirona.com\/es\/administracion-de-comunidades\/#primaryimage"},"image":{"@id":"https:\/\/www.cambrapropietatgirona.com\/es\/administracion-de-comunidades\/#primaryimage"},"thumbnailUrl":"https:\/\/www.cambrapropietatgirona.com\/wp-content\/uploads\/2024\/02\/administracio-de-comunitats.jpg","datePublished":"2017-05-22T10:37:58+00:00","dateModified":"2026-01-16T07:41:04+00:00","description":"Con la Cambra de la Propietat Urbana de Girona puedes decidir cuánto quieres pagar por la administración de comunidades","breadcrumb":{"@id":"https:\/\/www.cambrapropietatgirona.com\/es\/administracion-de-comunidades\/#breadcrumb"},"inLanguage":"es-ES","potentialAction":[{"@type":"ReadAction","target":["https:\/\/www.cambrapropietatgirona.com\/es\/administracion-de-comunidades\/"]}]},{"@type":"ImageObject","inLanguage":"es-ES","@id":"https:\/\/www.cambrapropietatgirona.com\/es\/administracion-de-comunidades\/#primaryimage","url":"https:\/\/www.cambrapropietatgirona.com\/wp-content\/uploads\/2024\/02\/administracio-de-comunitats.jpg","contentUrl":"https:\/\/www.cambrapropietatgirona.com\/wp-content\/uploads\/2024\/02\/administracio-de-comunitats.jpg","width":640,"height":640,"caption":"Administració de comunitats: gestió d'una comunitat de veïns"},{"@type":"BreadcrumbList","@id":"https:\/\/www.cambrapropietatgirona.com\/es\/administracion-de-comunidades\/#breadcrumb","itemListElement":[{"@type":"ListItem","position":1,"name":"Inici","item":"https:\/\/www.cambrapropietatgirona.com\/"},{"@type":"ListItem","position":2,"name":"Administración de comunidades"}]},{"@type":"WebSite","@id":"https:\/\/www.cambrapropietatgirona.com\/#website","url":"https:\/\/www.cambrapropietatgirona.com\/","name":"Cambra de la Propietat Urbana de Girona","description":"Serveis immobiliaris integrals als propietaris","publisher":{"@id":"https:\/\/www.cambrapropietatgirona.com\/#organization"},"potentialAction":[{"@type":"SearchAction","target":{"@type":"EntryPoint","urlTemplate":"https:\/\/www.cambrapropietatgirona.com\/?s={search_term_string}"},"query-input":{"@type":"PropertyValueSpecification","valueRequired":true,"valueName":"search_term_string"}}],"inLanguage":"es-ES"},{"@type":"Organization","@id":"https:\/\/www.cambrapropietatgirona.com\/#organization","name":"Cambra de la Propietat Urbana de Girona","url":"https:\/\/www.cambrapropietatgirona.com\/","logo":{"@type":"ImageObject","inLanguage":"es-ES","@id":"https:\/\/www.cambrapropietatgirona.com\/#\/schema\/logo\/image\/","url":"https:\/\/www.cambrapropietatgirona.com\/wp-content\/uploads\/2018\/01\/favicon.jpg","contentUrl":"https:\/\/www.cambrapropietatgirona.com\/wp-content\/uploads\/2018\/01\/favicon.jpg","width":277,"height":269,"caption":"Cambra de la Propietat Urbana de Girona"},"image":{"@id":"https:\/\/www.cambrapropietatgirona.com\/#\/schema\/logo\/image\/"}}]}</script>
<!-- / Yoast SEO plugin. -->

Administraicón de comunidades - Cambra de la Propietat Urbana de Girona

Con la Cambra de la Propietat Urbana de Girona puedes decidir cuánto quieres pagar por la administración de comunidades

Administració de comunitats: gestió d'una comunitat de veïns
