{"id":694,"date":"2017-06-15T07:33:59","date_gmt":"2017-06-15T06:33:59","guid":{"rendered":"http:\/\/iglesies.cat\/cambra\/coneix-nos\/"},"modified":"2026-01-16T09:48:56","modified_gmt":"2026-01-16T08:48:56","slug":"conocenos","status":"publish","type":"page","link":"https:\/\/www.cambrapropietatgirona.com\/es\/conocenos\/","title":{"rendered":"Con\u00f3cenos"},"content":{"rendered":"<h1>Con\u00f3cenos<\/h1>\n<h1><iframe loading=\"lazy\" src=\"https:\/\/www.youtube.com\/embed\/SIgbxjx-Byo?rel=0&amp;autoplay=1&amp;showinfo=0\" width=\"670\" height=\"377\" frameborder=\"0\" allowfullscreen=\"allowfullscreen\"><\/iframe><\/h1>\n<h2 class=\"p1\"><span class=\"s1\">Con\u00f3cenos. La Cambra de la Propietat Urbana de Girona es una entidad associativa sin \u00e1nimo de lucro. Fundada el\u00a0 6 de Junio de 1920 por un grupo de propietarios de las comarcas gerundenses.\u00a0 Actualmente tiene m\u00e1s de 6.000 socios y cinco oficinas distribu\u00eddas por el \u00a0territorio, dos en Girona, una en Figueres, una en Olot y una en Sant Feliu de Gu\u00edxols.<\/span><\/h2>\n<p class=\"p1\"><span class=\"s1\">La Cambra de la Propietat Urbana de Girona nace con la voluntat de estar al servicio de los propietarios gerundenses. Ponemos a su disposici\u00f3n todas las herramientas que puede necesitar para gestionar las propiedades. La Cambra, para hacerlo posible, dispone de diversos departamentos especializados, dirigidos por profesionales altamente cualificados. Ofrecemos un servicio integral que nos convierte en un instrumento eficaz y solvente para resolver toda clase de cuestiones vinculadas con el patrimonio inmobiliario.<\/span><\/p>\n<p class=\"p1\"><a href=\"http:\/\/iglesies.cat\/cambra\/la-cambra\/\">M\u00e1s informaci\u00f3<\/a>n<\/p>\n","protected":false},"excerpt":{"rendered":"<p>Con\u00f3cenos Con\u00f3cenos. La Cambra de la Propietat Urbana de Girona es una entidad associativa sin \u00e1nimo de lucro. Fundada el\u00a0 6 de Junio de 1920 por un grupo de propietarios de las comarcas gerundenses.\u00a0 Actualmente tiene m\u00e1s de 6.000 socios y cinco oficinas distribu\u00eddas por el \u00a0territorio, dos en Girona, una en Figueres, una en [&hellip;]<\/p>\n","protected":false},"author":1,"featured_media":6141,"parent":0,"menu_order":0,"comment_status":"closed","ping_status":"closed","template":"","meta":{"_acf_changed":false,"inline_featured_image":false,"disable_featured_image":false,"footnotes":""},"class_list":["post-694","page","type-page","status-publish","has-post-thumbnail","hentry"],"acf":[],"yoast_head":"<!-- This site is optimized with the Yoast SEO plugin v27.4 - https:\/\/yoast.com\/product\/yoast-seo-wordpress\/ -->\n<title>Con\u00f3cenos - Cambra de la Propietat Urbana de Girona<\/title>\n<meta name=\"description\" content=\"La Cambra de la Propietat Urbana de Girona es una entidad associativa sin \u00e1nimo de lucro.\" \/>\n<meta name=\"robots\" content=\"index, follow, max-snippet:-1, max-image-preview:large, max-video-preview:-1\" \/>\n<link rel=\"canonical\" href=\"https:\/\/www.cambrapropietatgirona.com\/es\/conocenos\/\" \/>\n<meta property=\"og:locale\" content=\"es_ES\" \/>\n<meta property=\"og:type\" content=\"article\" \/>\n<meta property=\"og:title\" content=\"Con\u00f3cenos - Cambra de la Propietat Urbana de Girona\" \/>\n<meta property=\"og:description\" content=\"La Cambra de la Propietat Urbana de Girona es una entidad associativa sin \u00e1nimo de lucro.\" \/>\n<meta property=\"og:url\" content=\"https:\/\/www.cambrapropietatgirona.com\/es\/conocenos\/\" \/>\n<meta property=\"og:site_name\" content=\"Cambra de la Propietat Urbana de Girona\" \/>\n<meta property=\"article:modified_time\" content=\"2026-01-16T08:48:56+00:00\" \/>\n<meta property=\"og:image\" content=\"http:\/\/www.cambrapropietatgirona.com\/wp-content\/uploads\/2026\/01\/cambra_Mesa-de-trabajo-1.jpg\" \/>\n\t<meta property=\"og:image:width\" content=\"500\" \/>\n\t<meta property=\"og:image:height\" content=\"500\" \/>\n\t<meta property=\"og:image:type\" content=\"image\/jpeg\" \/>\n<meta name=\"twitter:card\" content=\"summary_large_image\" \/>\n<meta name=\"twitter:label1\" content=\"Est. reading time\" \/>\n\t<meta name=\"twitter:data1\" content=\"1 minute\" \/>\n<script type=\"application\/ld+json\" class=\"yoast-schema-graph\">{\"@context\":\"https:\\\/\\\/schema.org\",\"@graph\":[{\"@type\":\"WebPage\",\"@id\":\"https:\\\/\\\/www.cambrapropietatgirona.com\\\/es\\\/conocenos\\\/\",\"url\":\"https:\\\/\\\/www.cambrapropietatgirona.com\\\/es\\\/conocenos\\\/\",\"name\":\"Con\u00f3cenos - Cambra de la Propietat Urbana de Girona\",\"isPartOf\":{\"@id\":\"https:\\\/\\\/www.cambrapropietatgirona.com\\\/#website\"},\"primaryImageOfPage\":{\"@id\":\"https:\\\/\\\/www.cambrapropietatgirona.com\\\/es\\\/conocenos\\\/#primaryimage\"},\"image\":{\"@id\":\"https:\\\/\\\/www.cambrapropietatgirona.com\\\/es\\\/conocenos\\\/#primaryimage\"},\"thumbnailUrl\":\"https:\\\/\\\/www.cambrapropietatgirona.com\\\/wp-content\\\/uploads\\\/2026\\\/01\\\/cambra_Mesa-de-trabajo-1.jpg\",\"datePublished\":\"2017-06-15T06:33:59+00:00\",\"dateModified\":\"2026-01-16T08:48:56+00:00\",\"description\":\"La Cambra de la Propietat Urbana de Girona es una entidad associativa sin \u00e1nimo de lucro.\",\"breadcrumb\":{\"@id\":\"https:\\\/\\\/www.cambrapropietatgirona.com\\\/es\\\/conocenos\\\/#breadcrumb\"},\"inLanguage\":\"es-ES\",\"potentialAction\":[{\"@type\":\"ReadAction\",\"target\":[\"https:\\\/\\\/www.cambrapropietatgirona.com\\\/es\\\/conocenos\\\/\"]}]},{\"@type\":\"ImageObject\",\"inLanguage\":\"es-ES\",\"@id\":\"https:\\\/\\\/www.cambrapropietatgirona.com\\\/es\\\/conocenos\\\/#primaryimage\",\"url\":\"https:\\\/\\\/www.cambrapropietatgirona.com\\\/wp-content\\\/uploads\\\/2026\\\/01\\\/cambra_Mesa-de-trabajo-1.jpg\",\"contentUrl\":\"https:\\\/\\\/www.cambrapropietatgirona.com\\\/wp-content\\\/uploads\\\/2026\\\/01\\\/cambra_Mesa-de-trabajo-1.jpg\",\"width\":500,\"height\":500,\"caption\":\"Fes-te soci de la Cambra de la Propietat Urbana de Girona\"},{\"@type\":\"BreadcrumbList\",\"@id\":\"https:\\\/\\\/www.cambrapropietatgirona.com\\\/es\\\/conocenos\\\/#breadcrumb\",\"itemListElement\":[{\"@type\":\"ListItem\",\"position\":1,\"name\":\"Inici\",\"item\":\"https:\\\/\\\/www.cambrapropietatgirona.com\\\/\"},{\"@type\":\"ListItem\",\"position\":2,\"name\":\"Con\u00f3cenos\"}]},{\"@type\":\"WebSite\",\"@id\":\"https:\\\/\\\/www.cambrapropietatgirona.com\\\/#website\",\"url\":\"https:\\\/\\\/www.cambrapropietatgirona.com\\\/\",\"name\":\"Cambra de la Propietat Urbana de Girona\",\"description\":\"Serveis immobiliaris integrals als propietaris\",\"publisher\":{\"@id\":\"https:\\\/\\\/www.cambrapropietatgirona.com\\\/#organization\"},\"potentialAction\":[{\"@type\":\"SearchAction\",\"target\":{\"@type\":\"EntryPoint\",\"urlTemplate\":\"https:\\\/\\\/www.cambrapropietatgirona.com\\\/?s={search_term_string}\"},\"query-input\":{\"@type\":\"PropertyValueSpecification\",\"valueRequired\":true,\"valueName\":\"search_term_string\"}}],\"inLanguage\":\"es-ES\"},{\"@type\":\"Organization\",\"@id\":\"https:\\\/\\\/www.cambrapropietatgirona.com\\\/#organization\",\"name\":\"Cambra de la Propietat Urbana de Girona\",\"url\":\"https:\\\/\\\/www.cambrapropietatgirona.com\\\/\",\"logo\":{\"@type\":\"ImageObject\",\"inLanguage\":\"es-ES\",\"@id\":\"https:\\\/\\\/www.cambrapropietatgirona.com\\\/#\\\/schema\\\/logo\\\/image\\\/\",\"url\":\"https:\\\/\\\/www.cambrapropietatgirona.com\\\/wp-content\\\/uploads\\\/2018\\\/01\\\/favicon.jpg\",\"contentUrl\":\"https:\\\/\\\/www.cambrapropietatgirona.com\\\/wp-content\\\/uploads\\\/2018\\\/01\\\/favicon.jpg\",\"width\":277,\"height\":269,\"caption\":\"Cambra de la Propietat Urbana de Girona\"},\"image\":{\"@id\":\"https:\\\/\\\/www.cambrapropietatgirona.com\\\/#\\\/schema\\\/logo\\\/image\\\/\"}}]}<\/script>\n<!-- \/ Yoast SEO plugin. -->","yoast_head_json":{"title":"Con\u00f3cenos - Cambra de la Propietat Urbana de Girona","description":"La Cambra de la Propietat Urbana de Girona es una entidad associativa sin \u00e1nimo de lucro.","robots":{"index":"index","follow":"follow","max-snippet":"max-snippet:-1","max-image-preview":"max-image-preview:large","max-video-preview":"max-video-preview:-1"},"canonical":"https:\/\/www.cambrapropietatgirona.com\/es\/conocenos\/","og_locale":"es_ES","og_type":"article","og_title":"Con\u00f3cenos - Cambra de la Propietat Urbana de Girona","og_description":"La Cambra de la Propietat Urbana de Girona es una entidad associativa sin \u00e1nimo de lucro.","og_url":"https:\/\/www.cambrapropietatgirona.com\/es\/conocenos\/","og_site_name":"Cambra de la Propietat Urbana de Girona","article_modified_time":"2026-01-16T08:48:56+00:00","og_image":[{"width":500,"height":500,"url":"http:\/\/www.cambrapropietatgirona.com\/wp-content\/uploads\/2026\/01\/cambra_Mesa-de-trabajo-1.jpg","type":"image\/jpeg"}],"twitter_card":"summary_large_image","twitter_misc":{"Est. reading time":"1 minute"},"schema":{"@context":"https:\/\/schema.org","@graph":[{"@type":"WebPage","@id":"https:\/\/www.cambrapropietatgirona.com\/es\/conocenos\/","url":"https:\/\/www.cambrapropietatgirona.com\/es\/conocenos\/","name":"Con\u00f3cenos - Cambra de la Propietat Urbana de Girona","isPartOf":{"@id":"https:\/\/www.cambrapropietatgirona.com\/#website"},"primaryImageOfPage":{"@id":"https:\/\/www.cambrapropietatgirona.com\/es\/conocenos\/#primaryimage"},"image":{"@id":"https:\/\/www.cambrapropietatgirona.com\/es\/conocenos\/#primaryimage"},"thumbnailUrl":"https:\/\/www.cambrapropietatgirona.com\/wp-content\/uploads\/2026\/01\/cambra_Mesa-de-trabajo-1.jpg","datePublished":"2017-06-15T06:33:59+00:00","dateModified":"2026-01-16T08:48:56+00:00","description":"La Cambra de la Propietat Urbana de Girona es una entidad associativa sin \u00e1nimo de lucro.","breadcrumb":{"@id":"https:\/\/www.cambrapropietatgirona.com\/es\/conocenos\/#breadcrumb"},"inLanguage":"es-ES","potentialAction":[{"@type":"ReadAction","target":["https:\/\/www.cambrapropietatgirona.com\/es\/conocenos\/"]}]},{"@type":"ImageObject","inLanguage":"es-ES","@id":"https:\/\/www.cambrapropietatgirona.com\/es\/conocenos\/#primaryimage","url":"https:\/\/www.cambrapropietatgirona.com\/wp-content\/uploads\/2026\/01\/cambra_Mesa-de-trabajo-1.jpg","contentUrl":"https:\/\/www.cambrapropietatgirona.com\/wp-content\/uploads\/2026\/01\/cambra_Mesa-de-trabajo-1.jpg","width":500,"height":500,"caption":"Fes-te soci de la Cambra de la Propietat Urbana de Girona"},{"@type":"BreadcrumbList","@id":"https:\/\/www.cambrapropietatgirona.com\/es\/conocenos\/#breadcrumb","itemListElement":[{"@type":"ListItem","position":1,"name":"Inici","item":"https:\/\/www.cambrapropietatgirona.com\/"},{"@type":"ListItem","position":2,"name":"Con\u00f3cenos"}]},{"@type":"WebSite","@id":"https:\/\/www.cambrapropietatgirona.com\/#website","url":"https:\/\/www.cambrapropietatgirona.com\/","name":"Cambra de la Propietat Urbana de Girona","description":"Serveis immobiliaris integrals als propietaris","publisher":{"@id":"https:\/\/www.cambrapropietatgirona.com\/#organization"},"potentialAction":[{"@type":"SearchAction","target":{"@type":"EntryPoint","urlTemplate":"https:\/\/www.cambrapropietatgirona.com\/?s={search_term_string}"},"query-input":{"@type":"PropertyValueSpecification","valueRequired":true,"valueName":"search_term_string"}}],"inLanguage":"es-ES"},{"@type":"Organization","@id":"https:\/\/www.cambrapropietatgirona.com\/#organization","name":"Cambra de la Propietat Urbana de Girona","url":"https:\/\/www.cambrapropietatgirona.com\/","logo":{"@type":"ImageObject","inLanguage":"es-ES","@id":"https:\/\/www.cambrapropietatgirona.com\/#\/schema\/logo\/image\/","url":"https:\/\/www.cambrapropietatgirona.com\/wp-content\/uploads\/2018\/01\/favicon.jpg","contentUrl":"https:\/\/www.cambrapropietatgirona.com\/wp-content\/uploads\/2018\/01\/favicon.jpg","width":277,"height":269,"caption":"Cambra de la Propietat Urbana de Girona"},"image":{"@id":"https:\/\/www.cambrapropietatgirona.com\/#\/schema\/logo\/image\/"}}]}},"_links":{"self":[{"href":"https:\/\/www.cambrapropietatgirona.com\/es\/wp-json\/wp\/v2\/pages\/694","targetHints":{"allow":["GET"]}}],"collection":[{"href":"https:\/\/www.cambrapropietatgirona.com\/es\/wp-json\/wp\/v2\/pages"}],"about":[{"href":"https:\/\/www.cambrapropietatgirona.com\/es\/wp-json\/wp\/v2\/types\/page"}],"author":[{"embeddable":true,"href":"https:\/\/www.cambrapropietatgirona.com\/es\/wp-json\/wp\/v2\/users\/1"}],"replies":[{"embeddable":true,"href":"https:\/\/www.cambrapropietatgirona.com\/es\/wp-json\/wp\/v2\/comments?post=694"}],"version-history":[{"count":4,"href":"https:\/\/www.cambrapropietatgirona.com\/es\/wp-json\/wp\/v2\/pages\/694\/revisions"}],"predecessor-version":[{"id":6189,"href":"https:\/\/www.cambrapropietatgirona.com\/es\/wp-json\/wp\/v2\/pages\/694\/revisions\/6189"}],"wp:featuredmedia":[{"embeddable":true,"href":"https:\/\/www.cambrapropietatgirona.com\/es\/wp-json\/wp\/v2\/media\/6141"}],"wp:attachment":[{"href":"https:\/\/www.cambrapropietatgirona.com\/es\/wp-json\/wp\/v2\/media?parent=694"}],"curies":[{"name":"wp","href":"https:\/\/api.w.org\/{rel}","templated":true}]}}

Conócenos

<h1>Conócenos</h1>
<h1><iframe loading="lazy" src="https://www.youtube.com/embed/SIgbxjx-Byo?rel=0&amp;autoplay=1&amp;showinfo=0" width="670" height="377" frameborder="0" allowfullscreen="allowfullscreen"></iframe></h1>
<h2 class="p1"><span class="s1">Conócenos. La Cambra de la Propietat Urbana de Girona es una entidad associativa sin ánimo de lucro. Fundada el  6 de Junio de 1920 por un grupo de propietarios de las comarcas gerundenses.  Actualmente tiene más de 6.000 socios y cinco oficinas distribuídas por el  territorio, dos en Girona, una en Figueres, una en Olot y una en Sant Feliu de Guíxols.</span></h2>
<p class="p1"><span class="s1">La Cambra de la Propietat Urbana de Girona nace con la voluntat de estar al servicio de los propietarios gerundenses. Ponemos a su disposición todas las herramientas que puede necesitar para gestionar las propiedades. La Cambra, para hacerlo posible, dispone de diversos departamentos especializados, dirigidos por profesionales altamente cualificados. Ofrecemos un servicio integral que nos convierte en un instrumento eficaz y solvente para resolver toda clase de cuestiones vinculadas con el patrimonio inmobiliario.</span></p>
<p class="p1"><a href="http://iglesies.cat/cambra/la-cambra/">Más informació</a>n</p>

<p>Conócenos Conócenos. La Cambra de la Propietat Urbana de Girona es una entidad associativa sin ánimo de lucro. Fundada el  6 de Junio de 1920 por un grupo de propietarios de las comarcas gerundenses.  Actualmente tiene más de 6.000 socios y cinco oficinas distribuídas por el  territorio, dos en Girona, una en Figueres, una en [&hellip;]</p>

<!-- This site is optimized with the Yoast SEO plugin v27.4 - https://yoast.com/product/yoast-seo-wordpress/ -->
<title>Conócenos - Cambra de la Propietat Urbana de Girona</title>
<meta name="description" content="La Cambra de la Propietat Urbana de Girona es una entidad associativa sin ánimo de lucro." />
<meta name="robots" content="index, follow, max-snippet:-1, max-image-preview:large, max-video-preview:-1" />
<link rel="canonical" href="https://www.cambrapropietatgirona.com/es/conocenos/" />
<meta property="og:locale" content="es_ES" />
<meta property="og:type" content="article" />
<meta property="og:title" content="Conócenos - Cambra de la Propietat Urbana de Girona" />
<meta property="og:description" content="La Cambra de la Propietat Urbana de Girona es una entidad associativa sin ánimo de lucro." />
<meta property="og:url" content="https://www.cambrapropietatgirona.com/es/conocenos/" />
<meta property="og:site_name" content="Cambra de la Propietat Urbana de Girona" />
<meta property="article:modified_time" content="2026-01-16T08:48:56+00:00" />
<meta property="og:image" content="http://www.cambrapropietatgirona.com/wp-content/uploads/2026/01/cambra_Mesa-de-trabajo-1.jpg" />
	<meta property="og:image:width" content="500" />
	<meta property="og:image:height" content="500" />
	<meta property="og:image:type" content="image/jpeg" />
<meta name="twitter:card" content="summary_large_image" />
<meta name="twitter:label1" content="Est. reading time" />
	<meta name="twitter:data1" content="1 minute" />
<script type="application/ld+json" class="yoast-schema-graph">{"@context":"https:\/\/schema.org","@graph":[{"@type":"WebPage","@id":"https:\/\/www.cambrapropietatgirona.com\/es\/conocenos\/","url":"https:\/\/www.cambrapropietatgirona.com\/es\/conocenos\/","name":"Conócenos - Cambra de la Propietat Urbana de Girona","isPartOf":{"@id":"https:\/\/www.cambrapropietatgirona.com\/#website"},"primaryImageOfPage":{"@id":"https:\/\/www.cambrapropietatgirona.com\/es\/conocenos\/#primaryimage"},"image":{"@id":"https:\/\/www.cambrapropietatgirona.com\/es\/conocenos\/#primaryimage"},"thumbnailUrl":"https:\/\/www.cambrapropietatgirona.com\/wp-content\/uploads\/2026\/01\/cambra_Mesa-de-trabajo-1.jpg","datePublished":"2017-06-15T06:33:59+00:00","dateModified":"2026-01-16T08:48:56+00:00","description":"La Cambra de la Propietat Urbana de Girona es una entidad associativa sin ánimo de lucro.","breadcrumb":{"@id":"https:\/\/www.cambrapropietatgirona.com\/es\/conocenos\/#breadcrumb"},"inLanguage":"es-ES","potentialAction":[{"@type":"ReadAction","target":["https:\/\/www.cambrapropietatgirona.com\/es\/conocenos\/"]}]},{"@type":"ImageObject","inLanguage":"es-ES","@id":"https:\/\/www.cambrapropietatgirona.com\/es\/conocenos\/#primaryimage","url":"https:\/\/www.cambrapropietatgirona.com\/wp-content\/uploads\/2026\/01\/cambra_Mesa-de-trabajo-1.jpg","contentUrl":"https:\/\/www.cambrapropietatgirona.com\/wp-content\/uploads\/2026\/01\/cambra_Mesa-de-trabajo-1.jpg","width":500,"height":500,"caption":"Fes-te soci de la Cambra de la Propietat Urbana de Girona"},{"@type":"BreadcrumbList","@id":"https:\/\/www.cambrapropietatgirona.com\/es\/conocenos\/#breadcrumb","itemListElement":[{"@type":"ListItem","position":1,"name":"Inici","item":"https:\/\/www.cambrapropietatgirona.com\/"},{"@type":"ListItem","position":2,"name":"Conócenos"}]},{"@type":"WebSite","@id":"https:\/\/www.cambrapropietatgirona.com\/#website","url":"https:\/\/www.cambrapropietatgirona.com\/","name":"Cambra de la Propietat Urbana de Girona","description":"Serveis immobiliaris integrals als propietaris","publisher":{"@id":"https:\/\/www.cambrapropietatgirona.com\/#organization"},"potentialAction":[{"@type":"SearchAction","target":{"@type":"EntryPoint","urlTemplate":"https:\/\/www.cambrapropietatgirona.com\/?s={search_term_string}"},"query-input":{"@type":"PropertyValueSpecification","valueRequired":true,"valueName":"search_term_string"}}],"inLanguage":"es-ES"},{"@type":"Organization","@id":"https:\/\/www.cambrapropietatgirona.com\/#organization","name":"Cambra de la Propietat Urbana de Girona","url":"https:\/\/www.cambrapropietatgirona.com\/","logo":{"@type":"ImageObject","inLanguage":"es-ES","@id":"https:\/\/www.cambrapropietatgirona.com\/#\/schema\/logo\/image\/","url":"https:\/\/www.cambrapropietatgirona.com\/wp-content\/uploads\/2018\/01\/favicon.jpg","contentUrl":"https:\/\/www.cambrapropietatgirona.com\/wp-content\/uploads\/2018\/01\/favicon.jpg","width":277,"height":269,"caption":"Cambra de la Propietat Urbana de Girona"},"image":{"@id":"https:\/\/www.cambrapropietatgirona.com\/#\/schema\/logo\/image\/"}}]}</script>
<!-- / Yoast SEO plugin. -->

Conócenos - Cambra de la Propietat Urbana de Girona

La Cambra de la Propietat Urbana de Girona es una entidad associativa sin ánimo de lucro.
