{"id":5078,"date":"2024-03-18T09:13:16","date_gmt":"2024-03-18T08:13:16","guid":{"rendered":"http:\/\/www.cambrapropietatgirona.com\/wp-content\/uploads\/2024\/03\/cambra.gif"},"modified":"2024-03-18T09:13:35","modified_gmt":"2024-03-18T08:13:35","slug":"cambra","status":"inherit","type":"attachment","link":"https:\/\/www.cambrapropietatgirona.com\/es\/que-hace-falta-saber-sobre-la-regulacion-de-los-precios-de-alquiler-en-cataluna\/cambra\/","title":{"rendered":"Regulaci\u00f3n de los precios de alquiler en Catalu\u00f1a"},"author":1,"featured_media":0,"comment_status":"open","ping_status":"closed","template":"","meta":{"_acf_changed":false,"inline_featured_image":false,"disable_featured_image":false},"class_list":["post-5078","attachment","type-attachment","status-inherit","hentry"],"acf":[],"yoast_head":"<!-- This site is optimized with the Yoast SEO plugin v27.5 - https:\/\/yoast.com\/product\/yoast-seo-wordpress\/ -->\n<title>Regulaci\u00f3n de los precios de alquiler en Catalu\u00f1a - Cambra de la Propietat Urbana de Girona<\/title>\n<meta name=\"robots\" content=\"index, follow, max-snippet:-1, max-image-preview:large, max-video-preview:-1\" \/>\n<link rel=\"canonical\" href=\"http:\/\/www.cambrapropietatgirona.com\/wp-content\/uploads\/2024\/03\/cambra.gif\" \/>\n<meta property=\"og:locale\" content=\"es_ES\" \/>\n<meta property=\"og:type\" content=\"article\" \/>\n<meta property=\"og:title\" content=\"Regulaci\u00f3n de los precios de alquiler en Catalu\u00f1a - Cambra de la Propietat Urbana de Girona\" \/>\n<meta property=\"og:url\" content=\"http:\/\/www.cambrapropietatgirona.com\/wp-content\/uploads\/2024\/03\/cambra.gif\" \/>\n<meta property=\"og:site_name\" content=\"Cambra de la Propietat Urbana de Girona\" \/>\n<meta property=\"article:modified_time\" content=\"2024-03-18T08:13:35+00:00\" \/>\n<meta property=\"og:image\" content=\"http:\/\/www.cambrapropietatgirona.com\/wp-content\/uploads\/2024\/03\/cambra.gif\" \/>\n\t<meta property=\"og:image:width\" content=\"640\" \/>\n\t<meta property=\"og:image:height\" content=\"640\" \/>\n\t<meta property=\"og:image:type\" content=\"image\/gif\" \/>\n<meta name=\"twitter:card\" content=\"summary_large_image\" \/>\n<script type=\"application\/ld+json\" class=\"yoast-schema-graph\">{\"@context\":\"https:\\\/\\\/schema.org\",\"@graph\":[{\"@type\":\"WebPage\",\"@id\":\"http:\\\/\\\/www.cambrapropietatgirona.com\\\/wp-content\\\/uploads\\\/2024\\\/03\\\/cambra.gif\",\"url\":\"http:\\\/\\\/www.cambrapropietatgirona.com\\\/wp-content\\\/uploads\\\/2024\\\/03\\\/cambra.gif\",\"name\":\"Regulaci\u00f3n de los precios de alquiler en Catalu\u00f1a - Cambra de la Propietat Urbana de Girona\",\"isPartOf\":{\"@id\":\"https:\\\/\\\/www.cambrapropietatgirona.com\\\/#website\"},\"datePublished\":\"2024-03-18T08:13:16+00:00\",\"dateModified\":\"2024-03-18T08:13:35+00:00\",\"breadcrumb\":{\"@id\":\"http:\\\/\\\/www.cambrapropietatgirona.com\\\/wp-content\\\/uploads\\\/2024\\\/03\\\/cambra.gif#breadcrumb\"},\"inLanguage\":\"es-ES\",\"potentialAction\":[{\"@type\":\"ReadAction\",\"target\":[\"http:\\\/\\\/www.cambrapropietatgirona.com\\\/wp-content\\\/uploads\\\/2024\\\/03\\\/cambra.gif\"]}]},{\"@type\":\"BreadcrumbList\",\"@id\":\"http:\\\/\\\/www.cambrapropietatgirona.com\\\/wp-content\\\/uploads\\\/2024\\\/03\\\/cambra.gif#breadcrumb\",\"itemListElement\":[{\"@type\":\"ListItem\",\"position\":1,\"name\":\"Inici\",\"item\":\"https:\\\/\\\/www.cambrapropietatgirona.com\\\/\"},{\"@type\":\"ListItem\",\"position\":2,\"name\":\"Qu\u00e9 hace falta saber sobre la regulaci\u00f3n de los precios de alquiler en Catalu\u00f1a\",\"item\":\"https:\\\/\\\/www.cambrapropietatgirona.com\\\/es\\\/que-hace-falta-saber-sobre-la-regulacion-de-los-precios-de-alquiler-en-cataluna\\\/\"},{\"@type\":\"ListItem\",\"position\":3,\"name\":\"Regulaci\u00f3n de los precios de alquiler en Catalu\u00f1a\"}]},{\"@type\":\"WebSite\",\"@id\":\"https:\\\/\\\/www.cambrapropietatgirona.com\\\/#website\",\"url\":\"https:\\\/\\\/www.cambrapropietatgirona.com\\\/\",\"name\":\"Cambra de la Propietat Urbana de Girona\",\"description\":\"Serveis immobiliaris integrals als propietaris\",\"publisher\":{\"@id\":\"https:\\\/\\\/www.cambrapropietatgirona.com\\\/#organization\"},\"potentialAction\":[{\"@type\":\"SearchAction\",\"target\":{\"@type\":\"EntryPoint\",\"urlTemplate\":\"https:\\\/\\\/www.cambrapropietatgirona.com\\\/?s={search_term_string}\"},\"query-input\":{\"@type\":\"PropertyValueSpecification\",\"valueRequired\":true,\"valueName\":\"search_term_string\"}}],\"inLanguage\":\"es-ES\"},{\"@type\":\"Organization\",\"@id\":\"https:\\\/\\\/www.cambrapropietatgirona.com\\\/#organization\",\"name\":\"Cambra de la Propietat Urbana de Girona\",\"url\":\"https:\\\/\\\/www.cambrapropietatgirona.com\\\/\",\"logo\":{\"@type\":\"ImageObject\",\"inLanguage\":\"es-ES\",\"@id\":\"https:\\\/\\\/www.cambrapropietatgirona.com\\\/#\\\/schema\\\/logo\\\/image\\\/\",\"url\":\"https:\\\/\\\/www.cambrapropietatgirona.com\\\/wp-content\\\/uploads\\\/2018\\\/01\\\/favicon.jpg\",\"contentUrl\":\"https:\\\/\\\/www.cambrapropietatgirona.com\\\/wp-content\\\/uploads\\\/2018\\\/01\\\/favicon.jpg\",\"width\":277,\"height\":269,\"caption\":\"Cambra de la Propietat Urbana de Girona\"},\"image\":{\"@id\":\"https:\\\/\\\/www.cambrapropietatgirona.com\\\/#\\\/schema\\\/logo\\\/image\\\/\"}}]}<\/script>\n<!-- \/ Yoast SEO plugin. -->","yoast_head_json":{"title":"Regulaci\u00f3n de los precios de alquiler en Catalu\u00f1a - Cambra de la Propietat Urbana de Girona","robots":{"index":"index","follow":"follow","max-snippet":"max-snippet:-1","max-image-preview":"max-image-preview:large","max-video-preview":"max-video-preview:-1"},"canonical":"http:\/\/www.cambrapropietatgirona.com\/wp-content\/uploads\/2024\/03\/cambra.gif","og_locale":"es_ES","og_type":"article","og_title":"Regulaci\u00f3n de los precios de alquiler en Catalu\u00f1a - Cambra de la Propietat Urbana de Girona","og_url":"http:\/\/www.cambrapropietatgirona.com\/wp-content\/uploads\/2024\/03\/cambra.gif","og_site_name":"Cambra de la Propietat Urbana de Girona","article_modified_time":"2024-03-18T08:13:35+00:00","og_image":[{"width":640,"height":640,"url":"http:\/\/www.cambrapropietatgirona.com\/wp-content\/uploads\/2024\/03\/cambra.gif","type":"image\/gif"}],"twitter_card":"summary_large_image","schema":{"@context":"https:\/\/schema.org","@graph":[{"@type":"WebPage","@id":"http:\/\/www.cambrapropietatgirona.com\/wp-content\/uploads\/2024\/03\/cambra.gif","url":"http:\/\/www.cambrapropietatgirona.com\/wp-content\/uploads\/2024\/03\/cambra.gif","name":"Regulaci\u00f3n de los precios de alquiler en Catalu\u00f1a - Cambra de la Propietat Urbana de Girona","isPartOf":{"@id":"https:\/\/www.cambrapropietatgirona.com\/#website"},"datePublished":"2024-03-18T08:13:16+00:00","dateModified":"2024-03-18T08:13:35+00:00","breadcrumb":{"@id":"http:\/\/www.cambrapropietatgirona.com\/wp-content\/uploads\/2024\/03\/cambra.gif#breadcrumb"},"inLanguage":"es-ES","potentialAction":[{"@type":"ReadAction","target":["http:\/\/www.cambrapropietatgirona.com\/wp-content\/uploads\/2024\/03\/cambra.gif"]}]},{"@type":"BreadcrumbList","@id":"http:\/\/www.cambrapropietatgirona.com\/wp-content\/uploads\/2024\/03\/cambra.gif#breadcrumb","itemListElement":[{"@type":"ListItem","position":1,"name":"Inici","item":"https:\/\/www.cambrapropietatgirona.com\/"},{"@type":"ListItem","position":2,"name":"Qu\u00e9 hace falta saber sobre la regulaci\u00f3n de los precios de alquiler en Catalu\u00f1a","item":"https:\/\/www.cambrapropietatgirona.com\/es\/que-hace-falta-saber-sobre-la-regulacion-de-los-precios-de-alquiler-en-cataluna\/"},{"@type":"ListItem","position":3,"name":"Regulaci\u00f3n de los precios de alquiler en Catalu\u00f1a"}]},{"@type":"WebSite","@id":"https:\/\/www.cambrapropietatgirona.com\/#website","url":"https:\/\/www.cambrapropietatgirona.com\/","name":"Cambra de la Propietat Urbana de Girona","description":"Serveis immobiliaris integrals als propietaris","publisher":{"@id":"https:\/\/www.cambrapropietatgirona.com\/#organization"},"potentialAction":[{"@type":"SearchAction","target":{"@type":"EntryPoint","urlTemplate":"https:\/\/www.cambrapropietatgirona.com\/?s={search_term_string}"},"query-input":{"@type":"PropertyValueSpecification","valueRequired":true,"valueName":"search_term_string"}}],"inLanguage":"es-ES"},{"@type":"Organization","@id":"https:\/\/www.cambrapropietatgirona.com\/#organization","name":"Cambra de la Propietat Urbana de Girona","url":"https:\/\/www.cambrapropietatgirona.com\/","logo":{"@type":"ImageObject","inLanguage":"es-ES","@id":"https:\/\/www.cambrapropietatgirona.com\/#\/schema\/logo\/image\/","url":"https:\/\/www.cambrapropietatgirona.com\/wp-content\/uploads\/2018\/01\/favicon.jpg","contentUrl":"https:\/\/www.cambrapropietatgirona.com\/wp-content\/uploads\/2018\/01\/favicon.jpg","width":277,"height":269,"caption":"Cambra de la Propietat Urbana de Girona"},"image":{"@id":"https:\/\/www.cambrapropietatgirona.com\/#\/schema\/logo\/image\/"}}]}},"description":{"rendered":"<p class=\"attachment\"><a href='https:\/\/www.cambrapropietatgirona.com\/wp-content\/uploads\/2024\/03\/cambra.gif'><img loading=\"lazy\" decoding=\"async\" width=\"300\" height=\"300\" src=\"https:\/\/www.cambrapropietatgirona.com\/wp-content\/uploads\/2024\/03\/cambra-300x300.gif\" class=\"attachment-medium size-medium\" alt=\"Lo que hay que saber sobre la regulaci\u00f3n de los precios de alquiler en Catalu\u00f1a\" srcset=\"https:\/\/www.cambrapropietatgirona.com\/wp-content\/uploads\/2024\/03\/cambra-300x300.gif 300w, https:\/\/www.cambrapropietatgirona.com\/wp-content\/uploads\/2024\/03\/cambra-150x150.gif 150w, https:\/\/www.cambrapropietatgirona.com\/wp-content\/uploads\/2024\/03\/cambra-87x87.gif 87w\" sizes=\"auto, (max-width: 300px) 100vw, 300px\" \/><\/a><\/p>\n"},"caption":{"rendered":""},"alt_text":"Lo que hay que saber sobre la regulaci\u00f3n de los precios de alquiler en Catalu\u00f1a","media_type":"image","mime_type":"image\/gif","media_details":{"width":640,"height":640,"file":"2024\/03\/cambra.gif","filesize":191200,"sizes":{"medium":{"file":"cambra-300x300.gif","width":300,"height":300,"filesize":55281,"mime_type":"image\/gif","source_url":"https:\/\/www.cambrapropietatgirona.com\/wp-content\/uploads\/2024\/03\/cambra-300x300.gif"},"thumbnail":{"file":"cambra-150x150.gif","width":150,"height":150,"filesize":16970,"mime_type":"image\/gif","source_url":"https:\/\/www.cambrapropietatgirona.com\/wp-content\/uploads\/2024\/03\/cambra-150x150.gif"},"mini":{"file":"cambra-87x87.gif","width":87,"height":87,"filesize":7206,"mime_type":"image\/gif","source_url":"https:\/\/www.cambrapropietatgirona.com\/wp-content\/uploads\/2024\/03\/cambra-87x87.gif"},"full":{"file":"cambra.gif","width":640,"height":640,"mime_type":"image\/gif","source_url":"https:\/\/www.cambrapropietatgirona.com\/wp-content\/uploads\/2024\/03\/cambra.gif"}},"image_meta":{"aperture":"0","credit":"","camera":"","caption":"","created_timestamp":"0","copyright":"","focal_length":"0","iso":"0","shutter_speed":"0","title":"","orientation":"0","keywords":[]}},"post":5077,"source_url":"https:\/\/www.cambrapropietatgirona.com\/wp-content\/uploads\/2024\/03\/cambra.gif","_links":{"self":[{"href":"https:\/\/www.cambrapropietatgirona.com\/es\/wp-json\/wp\/v2\/media\/5078","targetHints":{"allow":["GET"]}}],"collection":[{"href":"https:\/\/www.cambrapropietatgirona.com\/es\/wp-json\/wp\/v2\/media"}],"about":[{"href":"https:\/\/www.cambrapropietatgirona.com\/es\/wp-json\/wp\/v2\/types\/attachment"}],"author":[{"embeddable":true,"href":"https:\/\/www.cambrapropietatgirona.com\/es\/wp-json\/wp\/v2\/users\/1"}],"replies":[{"embeddable":true,"href":"https:\/\/www.cambrapropietatgirona.com\/es\/wp-json\/wp\/v2\/comments?post=5078"}],"wp:attached-to":[{"embeddable":true,"post_type":"post","id":5077,"href":"https:\/\/www.cambrapropietatgirona.com\/es\/wp-json\/wp\/v2\/posts\/5077"}],"curies":[{"name":"wp","href":"https:\/\/api.w.org\/{rel}","templated":true}]}}

Regulación de los precios de alquiler en Cataluña

<!-- This site is optimized with the Yoast SEO plugin v27.5 - https://yoast.com/product/yoast-seo-wordpress/ -->
<title>Regulación de los precios de alquiler en Cataluña - Cambra de la Propietat Urbana de Girona</title>
<meta name="robots" content="index, follow, max-snippet:-1, max-image-preview:large, max-video-preview:-1" />
<link rel="canonical" href="http://www.cambrapropietatgirona.com/wp-content/uploads/2024/03/cambra.gif" />
<meta property="og:locale" content="es_ES" />
<meta property="og:type" content="article" />
<meta property="og:title" content="Regulación de los precios de alquiler en Cataluña - Cambra de la Propietat Urbana de Girona" />
<meta property="og:url" content="http://www.cambrapropietatgirona.com/wp-content/uploads/2024/03/cambra.gif" />
<meta property="og:site_name" content="Cambra de la Propietat Urbana de Girona" />
<meta property="article:modified_time" content="2024-03-18T08:13:35+00:00" />
<meta property="og:image" content="http://www.cambrapropietatgirona.com/wp-content/uploads/2024/03/cambra.gif" />
	<meta property="og:image:width" content="640" />
	<meta property="og:image:height" content="640" />
	<meta property="og:image:type" content="image/gif" />
<meta name="twitter:card" content="summary_large_image" />
<script type="application/ld+json" class="yoast-schema-graph">{"@context":"https:\/\/schema.org","@graph":[{"@type":"WebPage","@id":"http:\/\/www.cambrapropietatgirona.com\/wp-content\/uploads\/2024\/03\/cambra.gif","url":"http:\/\/www.cambrapropietatgirona.com\/wp-content\/uploads\/2024\/03\/cambra.gif","name":"Regulación de los precios de alquiler en Cataluña - Cambra de la Propietat Urbana de Girona","isPartOf":{"@id":"https:\/\/www.cambrapropietatgirona.com\/#website"},"datePublished":"2024-03-18T08:13:16+00:00","dateModified":"2024-03-18T08:13:35+00:00","breadcrumb":{"@id":"http:\/\/www.cambrapropietatgirona.com\/wp-content\/uploads\/2024\/03\/cambra.gif#breadcrumb"},"inLanguage":"es-ES","potentialAction":[{"@type":"ReadAction","target":["http:\/\/www.cambrapropietatgirona.com\/wp-content\/uploads\/2024\/03\/cambra.gif"]}]},{"@type":"BreadcrumbList","@id":"http:\/\/www.cambrapropietatgirona.com\/wp-content\/uploads\/2024\/03\/cambra.gif#breadcrumb","itemListElement":[{"@type":"ListItem","position":1,"name":"Inici","item":"https:\/\/www.cambrapropietatgirona.com\/"},{"@type":"ListItem","position":2,"name":"Qué hace falta saber sobre la regulación de los precios de alquiler en Cataluña","item":"https:\/\/www.cambrapropietatgirona.com\/es\/que-hace-falta-saber-sobre-la-regulacion-de-los-precios-de-alquiler-en-cataluna\/"},{"@type":"ListItem","position":3,"name":"Regulación de los precios de alquiler en Cataluña"}]},{"@type":"WebSite","@id":"https:\/\/www.cambrapropietatgirona.com\/#website","url":"https:\/\/www.cambrapropietatgirona.com\/","name":"Cambra de la Propietat Urbana de Girona","description":"Serveis immobiliaris integrals als propietaris","publisher":{"@id":"https:\/\/www.cambrapropietatgirona.com\/#organization"},"potentialAction":[{"@type":"SearchAction","target":{"@type":"EntryPoint","urlTemplate":"https:\/\/www.cambrapropietatgirona.com\/?s={search_term_string}"},"query-input":{"@type":"PropertyValueSpecification","valueRequired":true,"valueName":"search_term_string"}}],"inLanguage":"es-ES"},{"@type":"Organization","@id":"https:\/\/www.cambrapropietatgirona.com\/#organization","name":"Cambra de la Propietat Urbana de Girona","url":"https:\/\/www.cambrapropietatgirona.com\/","logo":{"@type":"ImageObject","inLanguage":"es-ES","@id":"https:\/\/www.cambrapropietatgirona.com\/#\/schema\/logo\/image\/","url":"https:\/\/www.cambrapropietatgirona.com\/wp-content\/uploads\/2018\/01\/favicon.jpg","contentUrl":"https:\/\/www.cambrapropietatgirona.com\/wp-content\/uploads\/2018\/01\/favicon.jpg","width":277,"height":269,"caption":"Cambra de la Propietat Urbana de Girona"},"image":{"@id":"https:\/\/www.cambrapropietatgirona.com\/#\/schema\/logo\/image\/"}}]}</script>
<!-- / Yoast SEO plugin. -->

Regulación de los precios de alquiler en Cataluña - Cambra de la Propietat Urbana de Girona

Qué hace falta saber sobre la regulación de los precios de alquiler en Cataluña

<p class="attachment"><a href='https://www.cambrapropietatgirona.com/wp-content/uploads/2024/03/cambra.gif'><img loading="lazy" decoding="async" width="300" height="300" src="https://www.cambrapropietatgirona.com/wp-content/uploads/2024/03/cambra-300x300.gif" class="attachment-medium size-medium" alt="Lo que hay que saber sobre la regulación de los precios de alquiler en Cataluña" srcset="https://www.cambrapropietatgirona.com/wp-content/uploads/2024/03/cambra-300x300.gif 300w, https://www.cambrapropietatgirona.com/wp-content/uploads/2024/03/cambra-150x150.gif 150w, https://www.cambrapropietatgirona.com/wp-content/uploads/2024/03/cambra-87x87.gif 87w" sizes="auto, (max-width: 300px) 100vw, 300px" /></a></p>

Lo que hay que saber sobre la regulación de los precios de alquiler en Cataluña
